s. Let r(f) = 5*t(f) - z(f). List the prime factors of r(b).
5
Let w be (9 - 198/24)*(0 - 4). Let n(z) = -52*z - 2. List the prime factors of n(w).
2, 7, 11
Let j(b) = b**3 + 24*b**2 - 54*b - 32. What are the prime factors of j(-26)?
2, 5
Suppose 0 = -4*l + 2329 + 1119. List the prime factors of l.
2, 431
Let m = -108 - -88. List the prime factors of (-1816)/m - 3/(-15).
7, 13
Let s be (-1)/3 + 5/(15/7). Suppose 4*b - s*b = 86. What are the prime factors of b?
43
Let v be (-10)/35 - 1108/(-7). Suppose 3*h = 5*z + v, z - 158 - 68 = -5*h. What are the prime factors of h?
2, 23
Let j = -240 - -647. List the prime factors of j.
11, 37
Let s be 0/(1*(-4 + 2)). Suppose 0 = 86*y - 82*y - 20. Let r = s + y. What are the prime factors of r?
5
Let r(f) = -4*f**3 + 3*f + 11. List the prime factors of r(-4).
3, 5, 17
Let m = 39 - -27. Let y be 0*((-10)/5 - -3). Suppose y = 3*l - m - 9. List the prime factors of l.
5
Suppose 0 = -i - 5*u + 97, -9*i + 4*i - 5*u + 445 = 0. List the prime factors of i.
3, 29
Let y(z) be the third derivative of -1/30*z**5 + 0*z**3 + 0*z + 7/15*z**6 - 8*z**2 + 0 + 1/24*z**4. What are the prime factors of y(1)?
5, 11
Let h(g) = -g + 1. Let o be h(11). Let c(n) = 2*n**2 + 2*n + 11. Let l be c(o). Suppose -l = -3*i - 59. List the prime factors of i.
2, 11
Suppose -3*o - 40 = -2*f, -f = 2*o - 0*o + 22. Let a be (12 + o)*1/(-2). Suppose a = -6*g + 2*g + 88. List the prime factors of g.
2, 11
List the prime factors of (-15944)/(-17) + (-4)/(-34).
2, 7, 67
Let b = 104 - 99. Suppose -b*x + 269 = -v + 3*v, -58 = -x + v. What are the prime factors of x?
5, 11
Let k = 809 - 16. List the prime factors of k.
13, 61
Let a = -7 + 91. Suppose 2*s - a = l, 5*s - 2*l - 113 - 98 = 0. What are the prime factors of s?
43
Let v(n) = n**3 - 9*n**2 + 6*n + 74. What are the prime factors of v(10)?
2, 3, 13
Suppose 50*u = 40*u + 210. What are the prime factors of u?
3, 7
Let u(m) = 6*m**2 - 5*m + 2. Suppose -4*d + 5 = -7. What are the prime factors of u(d)?
41
Suppose 0 = 15*a - 8*a - 35. Suppose -143 = a*l - 298. What are the prime factors of l?
31
Suppose 3*c - k = c + 11, 0 = 3*k - 15. Let q(l) = l**2 - 7*l - 4. Let t be q(c). Suppose -t*r + 87 = -r. List the prime factors of r.
29
Let g(x) = -x**3 - 5*x**2 - 3*x + 5. Let b = -2 + -2. Let v be g(b). List the prime factors of (v + -5)/((-4)/26).
2, 13
Let f = 88 - 83. What are the prime factors of (-598)/(-23) + (1 - f)?
2, 11
Let z(i) = 411*i - 436. What are the prime factors of z(5)?
1619
Let k(n) = 69*n + 2. Let s be k(2). Suppose 8*f + s = 18*f. List the prime factors of f.
2, 7
List the prime factors of 4*(255/4 + 7).
283
Suppose -5*a - 3*d + 7159 = 0, -4*d - 1326 - 92 = -a. What are the prime factors of a?
2, 5, 11, 13
Let n = -11 - -9. Let v(t) = 3*t + 11. Let d be v(10). List the prime factors of n - -2 - d/(-1).
41
Let k(u) = -12 - u**3 + 3 - u**2 - 7*u - 6*u**2. Let y be k(-6). List the prime factors of 4*12/(-8)*y.
2, 3
Let a(g) be the third derivative of -g**4/8 - 2*g**3 - 2*g**2. Let m be a(-9). Let w = m + 16. List the prime factors of w.
31
Let r(v) = -v**3 - 7*v**2 - 8*v - 7. Let g be r(-6). Let x(j) = 4*j**2 + 5*j + 1. What are the prime factors of x(g)?
2, 3, 7
What are the prime factors of 16/(-2) - (-1 + -922)?
3, 5, 61
Let m(k) = -47*k**2. Let y(w) = 516*w**2. Let h(x) = 43*m(x) + 4*y(x). Suppose -6 = -8*j + 2*j. List the prime factors of h(j).
43
Suppose -2*g + 9328 = -2*a, g - 2924 = 2*a + 1745. What are the prime factors of g?
3, 1553
Let r = 18 + -6. Let h(y) = 3*y + 16. Let s(v) = -7*v - 32. Let p(t) = 5*h(t) + 2*s(t). List the prime factors of p(r).
2, 7
Suppose -6774 = -14*y + 702. What are the prime factors of y?
2, 3, 89
Suppose 3*a = -4*a + 14. Suppose -a*y = y - 117. What are the prime factors of y?
3, 13
Suppose 0 = -5*r - 10 + 605. What are the prime factors of r?
7, 17
Let r = -2 - -7. List the prime factors of ((-47)/(-5) - -2)*r.
3, 19
Let b be (-5)/(-5) + (-3 - 1). Let m be -27 + 3/(b - -4). Let z = -3 - m. List the prime factors of z.
3, 7
Suppose -5*w = -2*d - 15, 5*w - 19 - 41 = 5*d. Let t = d + 44. What are the prime factors of t?
29
Let b = 25 + -21. Suppose b*z + 20 = 0, 0 = -4*o - 0*z + z + 225. What are the prime factors of o?
5, 11
Suppose 95 - 455 = -3*p. Let w = p + -88. What are the prime factors of w?
2
Let i = 46 - 53. Let s = 28 + i. What are the prime factors of s?
3, 7
Let f = 67 + 89. Suppose q - f = 569. List the prime factors of 1/(-4) + q/20.
2, 3
Suppose 2*a - 22 + 8 = 0. Let s(f) = -f + 7. Let n be s(a). Suppose 0*y - 3*y + 24 = n. What are the prime factors of y?
2
Let i(l) = l**2 + 2*l - 20. Suppose -18 = -2*j + 5*k, j - 3*k = -0*j + 10. Suppose 5*q + 34 = -j*u, 2*q + 6 = q - u. List the prime factors of i(q).
2, 3, 5
Let s(x) = -x**3 - 8*x**2 - 9*x - 32. Let c(y) = -y**3 - 8*y**2 - 9*y - 33. Let f(g) = -3*c(g) + 2*s(g). What are the prime factors of f(-6)?
53
Suppose 2*q + 4*d + 30 = 0, -3*q - d - 15 = 15. Let f(l) = l**2 + 7*l - 11. Let p be f(q). What are the prime factors of 152/p + 2/7?
2, 11
Suppose -4*q + 67 - 10 = -y, -3*q - y = -34. Suppose c = -5*p - 5, -4*c - 3*p - 41 = q. What are the prime factors of ((-9)/c)/(1/85)?
3, 17
Let z(v) be the first derivative of v**4/12 + 4*v**3/3 + 3*v**2/2 + 6*v + 5. Let o(b) be the first derivative of z(b). List the prime factors of o(-10).
23
Suppose -7*s + 855 = -1259. List the prime factors of 1/(2/(-5) - s/(-730)).
73
Let q(m) = -21*m**3 + 2*m - 1. Let w be q(1). List the prime factors of (w/(-10))/((-4)/(-122)).
61
Let k = 3 - 6. Let s(r) = -2*r**3 - 22*r**2 - 9*r + 12. Let n be s(-12). List the prime factors of n/30 + k/5.
13
Let q = 32 - 27. Suppose q*i = 302 + 88. List the prime factors of i.
2, 3, 13
Let v = 4063 - 2872. What are the prime factors of v?
3, 397
Let w(b) = 1. Suppose -f + 1 = 2. Let z(x) = -4*x + 6. Let i(o) = f*z(o) + 5*w(o). What are the prime factors of i(2)?
7
Suppose -4*o = 3*n - 10, 2*o - 6*n = -n + 18. Suppose -46 = -o*w + 306. What are the prime factors of w?
2, 11
Let g(h) = 6*h + 17. Let o be g(11). Let j(a) = -24*a - 1. Let w be j(2). Let v = w + o. What are the prime factors of v?
2, 17
Suppose 0 = 4*j - 3*w - 906 - 1782, 0 = j - w - 671. List the prime factors of j.
3, 5
Suppose -16 = -7*j + 3*j. Suppose -d + 0*d = 3*d. Suppose -j = -f - d. List the prime factors of f.
2
Let k = 84 + 158. Suppose 0 = 4*c - k + 82. List the prime factors of c.
2, 5
Let s(d) = -62*d + 242. List the prime factors of s(-10).
2, 431
Let q = -413 - -680. What are the prime factors of q?
3, 89
Let a(b) = -b**2 - 13*b - 15. Suppose -4*d + 8*d = -100. Let s = 14 + d. List the prime factors of a(s).
7
Let k(c) = -c**3 + 7*c**2 - 6*c + 2. Let u be ((-1)/(-1))/((-12)/(-84)). Let p = u - 1. What are the prime factors of k(p)?
2
Let r = -8 + 3. Let q(c) be the third derivative of -c**4/6 + 2*c**2. What are the prime factors of q(r)?
2, 5
Let j(c) = -c**3 + 11*c**2 + 13*c - 10. Let y be j(12). Suppose -5 = y*x - 17. What are the prime factors of x?
2, 3
Let s = -198 - -752. What are the prime factors of s?
2, 277
Let b(z) = 3*z**2 + 2*z**2 - 2 - 3*z - 4*z**2. Let h(w) = w**2 + 8*w + 5. Let q be h(-8). What are the prime factors of b(q)?
2
Suppose -3*l - 4*m = -44 - 12, -2*m - 76 = -5*l. Let n = l - 14. What are the prime factors of n?
2
Suppose -3*s + 4*y = -56, 3*s = 5*y - 2*y + 51. What are the prime factors of (28/3)/(s/90)?
2, 5, 7
Let l(p) = 6*p**3 - p + 1. Let q be l(1). Let v(c) = c**2 + 1 - 5*c + 0*c**2 + c. What are the prime factors of v(q)?
13
Let x(v) = v**2 + 6*v + 7. Let k be x(-5). Suppose -f + k = f, -f + 20 = w. What are the prime factors of w?
19
Let f(w) = 2*w + 6. Suppose -2*o - 3*o - j + 35 = 0, -2*o + 4*j + 14 = 0. What are the prime factors of f(o)?
2, 5
Suppose 0 = -4*o - 5*x - 556, 3*o - 3*x = o - 300. What are the prime factors of (o/(-14))/(((-5)/1)/(-70))?
2, 3
Let q be (2 - 4)/((-1)/(-5)). Let d = q - -19. Let s(o) = 2*o + 21. List the prime factors of s(d).
3, 13
Suppose 2*z + 3*z = 2*i + 642, -i - 641 = -5*z. Suppose -132*c = -z*c - 40. List the prime factors of c.
2, 5
Suppose -39*o + 4457 = -21946. What are the prime factors of o?
677
Suppose 5*p = 2*f + 3*f - 1010, -404 = -2*f - 4*p. List the prime factors of f.
2, 101
Let z be (121/(-2))/((-1)/(-2)).